{"id":213,"date":"2023-09-25T18:23:40","date_gmt":"2023-09-25T18:23:40","guid":{"rendered":"http:\/\/feuerwehr-possendorf.de\/?page_id=213"},"modified":"2026-04-23T16:33:07","modified_gmt":"2026-04-23T16:33:07","slug":"mehr-zu-unseren-kameradinnen-und-kameraden","status":"publish","type":"page","link":"https:\/\/feuerwehr-possendorf.de\/?page_id=213","title":{"rendered":"Mehr zu unseren Kameradinnen und Kameraden"},"content":{"rendered":"<div data-colibri-id=\"213-c1\" class=\"style-304 style-local-213-c1 position-relative\">\n  <!---->\n  <div data-colibri-component=\"section\" data-colibri-id=\"213-c2\" id=\"initial-content\" class=\"h-section h-section-global-spacing d-flex align-items-lg-center align-items-md-center align-items-center style-305 style-local-213-c2 position-relative\">\n    <!---->\n    <!---->\n    <div class=\"h-section-grid-container h-section-boxed-container\">\n      <!---->\n      <div data-colibri-id=\"213-c3\" class=\"h-row-container gutters-row-lg-2 gutters-row-md-2 gutters-row-0 gutters-row-v-lg-2 gutters-row-v-md-2 gutters-row-v-2 style-306 style-local-213-c3 position-relative\">\n        <!---->\n        <div class=\"h-row justify-content-lg-center justify-content-md-center justify-content-center align-items-lg-stretch align-items-md-stretch align-items-stretch gutters-col-lg-2 gutters-col-md-2 gutters-col-0 gutters-col-v-lg-2 gutters-col-v-md-2 gutters-col-v-2\">\n          <!---->\n          <div class=\"h-column h-column-container d-flex h-col-lg-auto h-col-md-auto h-col-auto style-307-outer style-local-213-c4-outer\">\n            <div data-colibri-id=\"213-c4\" class=\"d-flex h-flex-basis h-column__inner h-px-lg-2 h-px-md-2 h-px-2 v-inner-lg-2 v-inner-md-2 v-inner-2 style-307 style-local-213-c4 position-relative\">\n              <!---->\n              <!---->\n              <div class=\"w-100 h-y-container h-column__content h-column__v-align flex-basis-100 align-self-lg-start align-self-md-start align-self-start\">\n                <!---->\n                <div data-colibri-id=\"213-c5\" class=\"h-global-transition-all h-heading style-318 style-local-213-c5 position-relative h-element\">\n                  <!---->\n                  <div class=\"h-heading__outer style-318 style-local-213-c5\">\n                    <!---->\n                    <!---->\n                    <h2 class=\"\">Unsere Ortswehrleitung&nbsp;<\/h2>\n                  <\/div>\n                <\/div>\n                <div data-colibri-id=\"213-c6\" class=\"d-block style-319 style-local-213-c6 position-relative h-element\">\n                  <!---->\n                  <div class=\"h-image__frame-container-outer\">\n                    <div class=\"h-image__frame-container\">\n                      <!---->\n                      <!---->\n                      <img loading=\"lazy\" decoding=\"async\" width=\"442\" height=\"694\" src=\"http:\/\/feuerwehr-possendorf.de\/wp-content\/uploads\/2026\/02\/Ortswehrleiter.jpeg\" class=\"wp-image-863 style-319-image style-local-213-c6-image\" alt=\"\" srcset=\"https:\/\/feuerwehr-possendorf.de\/wp-content\/uploads\/2026\/02\/Ortswehrleiter.jpeg 442w, https:\/\/feuerwehr-possendorf.de\/wp-content\/uploads\/2026\/02\/Ortswehrleiter-191x300.jpeg 191w\" sizes=\"auto, (max-width: 442px) 100vw, 442px\" \/>\n                      <div class=\"h-image__frame h-hide-lg h-hide-md h-hide-sm style-319-frameImage style-local-213-c6-frameImage\"><\/div>\n                    <\/div>\n                  <\/div>\n                <\/div>\n                <div data-colibri-id=\"213-c7\" class=\"h-row-container gutters-row-lg-2 gutters-row-md-2 gutters-row-0 gutters-row-v-lg-2 gutters-row-v-md-2 gutters-row-v-2 style-313 style-local-213-c7 position-relative\">\n                  <!---->\n                  <div class=\"h-row justify-content-lg-center justify-content-md-center justify-content-center align-items-lg-stretch align-items-md-stretch align-items-stretch gutters-col-lg-2 gutters-col-md-2 gutters-col-0 gutters-col-v-lg-2 gutters-col-v-md-2 gutters-col-v-2\">\n                    <!---->\n                    <div class=\"h-column h-column-container d-flex h-col-lg-auto h-col-md-auto h-col-auto style-314-outer style-local-213-c8-outer\">\n                      <div data-colibri-id=\"213-c8\" class=\"d-flex h-flex-basis h-column__inner h-px-lg-2 h-px-md-2 h-px-2 v-inner-lg-2 v-inner-md-2 v-inner-2 style-314 style-local-213-c8 position-relative\">\n                        <!---->\n                        <!---->\n                        <div class=\"w-100 h-y-container h-column__content h-column__v-align flex-basis-100 align-self-lg-start align-self-md-start align-self-start\">\n                          <!---->\n                          <div data-colibri-id=\"213-c9\" class=\"h-text h-text-component style-320 style-local-213-c9 position-relative h-element\">\n                            <!---->\n                            <!---->\n                            <div class=\"\">\n                              <p>Erik Scholz (Ortswehrleiter)<\/p>\n                            <\/div>\n                          <\/div>\n                        <\/div>\n                      <\/div>\n                    <\/div>\n                    <div class=\"h-column h-column-container d-flex h-col-lg-auto h-col-md-auto h-col-auto style-315-outer style-local-213-c10-outer\">\n                      <div data-colibri-id=\"213-c10\" class=\"d-flex h-flex-basis h-column__inner h-px-lg-2 h-px-md-2 h-px-2 v-inner-lg-2 v-inner-md-2 v-inner-2 style-315 style-local-213-c10 position-relative\">\n                        <!---->\n                        <!---->\n                        <div class=\"w-100 h-y-container h-column__content h-column__v-align flex-basis-100 align-self-lg-start align-self-md-start align-self-start\">\n                          <!---->\n                          <div data-colibri-id=\"213-c11\" class=\"h-text h-text-component style-321 style-local-213-c11 position-relative h-element\">\n                            <!---->\n                            <!---->\n                            <div class=\"\">\n                              <p>Sindy W\u00e4tzig (Stellvertretende Ortswehrleiterin)<\/p>\n                            <\/div>\n                          <\/div>\n                        <\/div>\n                      <\/div>\n                    <\/div>\n                  <\/div>\n                <\/div>\n              <\/div>\n            <\/div>\n          <\/div>\n        <\/div>\n      <\/div>\n    <\/div>\n  <\/div>\n  <div data-colibri-component=\"section\" data-colibri-id=\"213-c12\" id=\"custom\" class=\"h-section h-section-global-spacing d-flex align-items-lg-center align-items-md-center align-items-center style-322 style-local-213-c12 position-relative\">\n    <!---->\n    <!---->\n    <div class=\"h-section-grid-container h-section-boxed-container\">\n      <!---->\n      <div data-colibri-id=\"213-c13\" class=\"h-row-container gutters-row-lg-2 gutters-row-md-2 gutters-row-0 gutters-row-v-lg-2 gutters-row-v-md-2 gutters-row-v-2 style-328 style-local-213-c13 position-relative\">\n        <!---->\n        <div class=\"h-row justify-content-lg-center justify-content-md-center justify-content-center align-items-lg-stretch align-items-md-stretch align-items-stretch gutters-col-lg-2 gutters-col-md-2 gutters-col-0 gutters-col-v-lg-2 gutters-col-v-md-2 gutters-col-v-2\">\n          <!---->\n          <div class=\"h-column h-column-container d-flex h-col-lg-auto h-col-md-auto h-col-auto style-329-outer style-local-213-c14-outer\">\n            <div data-colibri-id=\"213-c14\" class=\"d-flex h-flex-basis h-column__inner h-px-lg-2 h-px-md-2 h-px-2 v-inner-lg-2 v-inner-md-2 v-inner-2 style-329 style-local-213-c14 position-relative\">\n              <!---->\n              <!---->\n              <div class=\"w-100 h-y-container h-column__content h-column__v-align flex-basis-100 align-self-lg-start align-self-md-start align-self-start\">\n                <!---->\n                <div data-colibri-id=\"213-c15\" class=\"h-global-transition-all h-heading style-330 style-local-213-c15 position-relative h-element\">\n                  <!---->\n                  <div class=\"h-heading__outer style-330 style-local-213-c15\">\n                    <!---->\n                    <!---->\n                    <h3 class=\"\">Ausschussmitglieder<\/h3>\n                  <\/div>\n                <\/div>\n              <\/div>\n            <\/div>\n          <\/div>\n        <\/div>\n      <\/div>\n      <div data-colibri-id=\"213-c16\" class=\"h-row-container gutters-row-lg-2 gutters-row-md-2 gutters-row-0 gutters-row-v-lg-2 gutters-row-v-md-2 gutters-row-v-2 style-323 style-local-213-c16 position-relative\">\n        <!---->\n        <div class=\"h-row justify-content-lg-center justify-content-md-center justify-content-center align-items-lg-stretch align-items-md-stretch align-items-stretch gutters-col-lg-2 gutters-col-md-2 gutters-col-0 gutters-col-v-lg-2 gutters-col-v-md-2 gutters-col-v-2\">\n          <!---->\n          <div class=\"h-column h-column-container d-flex h-col-lg-auto h-col-md-auto h-col-auto style-324-outer style-local-213-c17-outer\">\n            <div data-colibri-id=\"213-c17\" class=\"d-flex h-flex-basis h-column__inner h-px-lg-2 h-px-md-2 h-px-2 v-inner-lg-2 v-inner-md-2 v-inner-2 style-324 style-local-213-c17 position-relative\">\n              <!---->\n              <!---->\n              <div class=\"w-100 h-y-container h-column__content h-column__v-align flex-basis-100 align-self-lg-start align-self-md-start align-self-start\">\n                <!---->\n                <div data-colibri-id=\"213-c18\" class=\"h-row-container gutters-row-lg-2 gutters-row-md-2 gutters-row-0 gutters-row-v-lg-2 gutters-row-v-md-2 gutters-row-v-2 style-325 style-local-213-c18 position-relative\">\n                  <!---->\n                  <div class=\"h-row justify-content-lg-center justify-content-md-center justify-content-center align-items-lg-stretch align-items-md-stretch align-items-stretch gutters-col-lg-2 gutters-col-md-2 gutters-col-0 gutters-col-v-lg-2 gutters-col-v-md-2 gutters-col-v-2\">\n                    <!---->\n                    <div class=\"h-column h-column-container d-flex h-col-lg-auto h-col-md-auto h-col-auto style-326-outer style-local-213-c19-outer\">\n                      <div data-colibri-id=\"213-c19\" class=\"d-flex h-flex-basis h-column__inner h-px-lg-2 h-px-md-2 h-px-2 v-inner-lg-2 v-inner-md-2 v-inner-2 style-326 style-local-213-c19 position-relative\">\n                        <!---->\n                        <!---->\n                        <div class=\"w-100 h-y-container h-column__content h-column__v-align flex-basis-100 align-self-lg-start align-self-md-start align-self-start\">\n                          <!---->\n                          <div data-colibri-id=\"213-c20\" class=\"d-block style-334 style-local-213-c20 position-relative h-element\">\n                            <!---->\n                            <div class=\"h-image__frame-container-outer\">\n                              <div class=\"h-image__frame-container\">\n                                <!---->\n                                <!---->\n                                <img loading=\"lazy\" decoding=\"async\" width=\"1917\" height=\"1922\" src=\"http:\/\/feuerwehr-possendorf.de\/wp-content\/uploads\/2023\/10\/cropped-IMG_7028-scaled-1.jpeg\" class=\"wp-image-864 style-334-image style-local-213-c20-image\" alt=\"\" srcset=\"https:\/\/feuerwehr-possendorf.de\/wp-content\/uploads\/2023\/10\/cropped-IMG_7028-scaled-1.jpeg 1917w, https:\/\/feuerwehr-possendorf.de\/wp-content\/uploads\/2023\/10\/cropped-IMG_7028-scaled-1-300x300.jpeg 300w, https:\/\/feuerwehr-possendorf.de\/wp-content\/uploads\/2023\/10\/cropped-IMG_7028-scaled-1-1021x1024.jpeg 1021w, https:\/\/feuerwehr-possendorf.de\/wp-content\/uploads\/2023\/10\/cropped-IMG_7028-scaled-1-150x150.jpeg 150w, https:\/\/feuerwehr-possendorf.de\/wp-content\/uploads\/2023\/10\/cropped-IMG_7028-scaled-1-768x770.jpeg 768w, https:\/\/feuerwehr-possendorf.de\/wp-content\/uploads\/2023\/10\/cropped-IMG_7028-scaled-1-1532x1536.jpeg 1532w\" sizes=\"auto, (max-width: 1917px) 100vw, 1917px\" \/>\n                                <div class=\"h-image__frame h-hide-lg h-hide-md h-hide-sm style-334-frameImage style-local-213-c20-frameImage\"><\/div>\n                              <\/div>\n                            <\/div>\n                          <\/div>\n                          <div data-colibri-id=\"213-c21\" class=\"h-text h-text-component style-335 style-local-213-c21 position-relative h-element\">\n                            <!---->\n                            <!---->\n                            <div class=\"\">\n                              <p>Thomas Esper (Ausschussmitglied)<\/p>\n                            <\/div>\n                          <\/div>\n                        <\/div>\n                      <\/div>\n                    <\/div>\n                    <div class=\"h-column h-column-container d-flex h-col-lg-auto h-col-md-auto h-col-auto style-327-outer style-local-213-c22-outer\">\n                      <div data-colibri-id=\"213-c22\" class=\"d-flex h-flex-basis h-column__inner h-px-lg-2 h-px-md-2 h-px-2 v-inner-lg-2 v-inner-md-2 v-inner-2 style-327 style-local-213-c22 position-relative\">\n                        <!---->\n                        <!---->\n                        <div class=\"w-100 h-y-container h-column__content h-column__v-align flex-basis-100 align-self-lg-start align-self-md-start align-self-start\">\n                          <!---->\n                          <div data-colibri-id=\"213-c23\" class=\"d-block style-336 style-local-213-c23 position-relative h-element\">\n                            <!---->\n                            <div class=\"h-image__frame-container-outer\">\n                              <div class=\"h-image__frame-container\">\n                                <!---->\n                                <!---->\n                                <img loading=\"lazy\" decoding=\"async\" width=\"890\" height=\"891\" src=\"http:\/\/feuerwehr-possendorf.de\/wp-content\/uploads\/2026\/02\/cropped-Platzhalter.jpg\" class=\"wp-image-866 style-336-image style-local-213-c23-image\" alt=\"\" srcset=\"https:\/\/feuerwehr-possendorf.de\/wp-content\/uploads\/2026\/02\/cropped-Platzhalter.jpg 890w, https:\/\/feuerwehr-possendorf.de\/wp-content\/uploads\/2026\/02\/cropped-Platzhalter-300x300.jpg 300w, https:\/\/feuerwehr-possendorf.de\/wp-content\/uploads\/2026\/02\/cropped-Platzhalter-150x150.jpg 150w, https:\/\/feuerwehr-possendorf.de\/wp-content\/uploads\/2026\/02\/cropped-Platzhalter-768x769.jpg 768w\" sizes=\"auto, (max-width: 890px) 100vw, 890px\" \/>\n                                <div class=\"h-image__frame h-hide-lg h-hide-md h-hide-sm style-336-frameImage style-local-213-c23-frameImage\"><\/div>\n                              <\/div>\n                            <\/div>\n                          <\/div>\n                          <div data-colibri-id=\"213-c24\" class=\"h-text h-text-component style-337 style-local-213-c24 position-relative h-element\">\n                            <!---->\n                            <!---->\n                            <div class=\"\">\n                              <p>Erik Forberg (Stellvertretendes Ausschussmitglied)<\/p>\n                            <\/div>\n                          <\/div>\n                        <\/div>\n                      <\/div>\n                    <\/div>\n                  <\/div>\n                <\/div>\n              <\/div>\n            <\/div>\n          <\/div>\n        <\/div>\n      <\/div>\n    <\/div>\n  <\/div>\n  <div data-colibri-component=\"section\" data-colibri-id=\"213-c25\" id=\"custom-2\" class=\"h-section h-section-global-spacing d-flex align-items-lg-center align-items-md-center align-items-center style-338 style-local-213-c25 position-relative\">\n    <!---->\n    <!---->\n    <div class=\"h-section-grid-container h-section-boxed-container\">\n      <!---->\n      <div data-colibri-id=\"213-c26\" class=\"h-row-container gutters-row-lg-2 gutters-row-md-2 gutters-row-0 gutters-row-v-lg-2 gutters-row-v-md-2 gutters-row-v-2 style-342 style-local-213-c26 position-relative\">\n        <!---->\n        <div class=\"h-row justify-content-lg-center justify-content-md-center justify-content-center align-items-lg-stretch align-items-md-stretch align-items-stretch gutters-col-lg-2 gutters-col-md-2 gutters-col-0 gutters-col-v-lg-2 gutters-col-v-md-2 gutters-col-v-2\">\n          <!---->\n          <div class=\"h-column h-column-container d-flex h-col-lg-auto h-col-md-auto h-col-auto style-343-outer style-local-213-c27-outer\">\n            <div data-colibri-id=\"213-c27\" class=\"d-flex h-flex-basis h-column__inner h-px-lg-2 h-px-md-2 h-px-2 v-inner-lg-2 v-inner-md-2 v-inner-2 style-343 style-local-213-c27 position-relative\">\n              <!---->\n              <!---->\n              <div class=\"w-100 h-y-container h-column__content h-column__v-align flex-basis-100 align-self-lg-start align-self-md-start align-self-start\">\n                <!---->\n                <div data-colibri-id=\"213-c28\" class=\"h-global-transition-all h-heading style-344 style-local-213-c28 position-relative h-element\">\n                  <!---->\n                  <div class=\"h-heading__outer style-344 style-local-213-c28\">\n                    <!---->\n                    <!---->\n                    <h3 class=\"\">Ger\u00e4tewart und Atemschutzbeauftragter<\/h3>\n                  <\/div>\n                <\/div>\n              <\/div>\n            <\/div>\n          <\/div>\n        <\/div>\n      <\/div>\n      <div data-colibri-id=\"213-c29\" class=\"h-row-container gutters-row-lg-2 gutters-row-md-2 gutters-row-0 gutters-row-v-lg-2 gutters-row-v-md-2 gutters-row-v-2 style-339 style-local-213-c29 position-relative\">\n        <!---->\n        <div class=\"h-row justify-content-lg-center justify-content-md-center justify-content-center align-items-lg-stretch align-items-md-stretch align-items-stretch gutters-col-lg-2 gutters-col-md-2 gutters-col-0 gutters-col-v-lg-2 gutters-col-v-md-2 gutters-col-v-2\">\n          <!---->\n          <div class=\"h-column h-column-container d-flex h-col-lg-auto h-col-md-auto h-col-auto style-340-outer style-local-213-c30-outer\">\n            <div data-colibri-id=\"213-c30\" class=\"d-flex h-flex-basis h-column__inner h-px-lg-2 h-px-md-2 h-px-2 v-inner-lg-2 v-inner-md-2 v-inner-2 style-340 style-local-213-c30 position-relative\">\n              <!---->\n              <!---->\n              <div class=\"w-100 h-y-container h-column__content h-column__v-align flex-basis-100 align-self-lg-start align-self-md-start align-self-start\">\n                <!---->\n                <div data-colibri-id=\"213-c31\" class=\"d-block style-345 style-local-213-c31 position-relative h-element\">\n                  <!---->\n                  <div class=\"h-image__frame-container-outer\">\n                    <div class=\"h-image__frame-container\">\n                      <!---->\n                      <!---->\n                      <img loading=\"lazy\" decoding=\"async\" width=\"890\" height=\"891\" src=\"http:\/\/feuerwehr-possendorf.de\/wp-content\/uploads\/2026\/02\/cropped-Platzhalter.jpg\" class=\"wp-image-866 style-345-image style-local-213-c31-image\" alt=\"\" srcset=\"https:\/\/feuerwehr-possendorf.de\/wp-content\/uploads\/2026\/02\/cropped-Platzhalter.jpg 890w, https:\/\/feuerwehr-possendorf.de\/wp-content\/uploads\/2026\/02\/cropped-Platzhalter-300x300.jpg 300w, https:\/\/feuerwehr-possendorf.de\/wp-content\/uploads\/2026\/02\/cropped-Platzhalter-150x150.jpg 150w, https:\/\/feuerwehr-possendorf.de\/wp-content\/uploads\/2026\/02\/cropped-Platzhalter-768x769.jpg 768w\" sizes=\"auto, (max-width: 890px) 100vw, 890px\" \/>\n                      <div class=\"h-image__frame h-hide-lg h-hide-md h-hide-sm style-345-frameImage style-local-213-c31-frameImage\"><\/div>\n                    <\/div>\n                  <\/div>\n                <\/div>\n                <div data-colibri-id=\"213-c32\" class=\"h-text h-text-component style-346 style-local-213-c32 position-relative h-element\">\n                  <!---->\n                  <!---->\n                  <div class=\"\">\n                    <p>Michael Schlecht (Atemschutzbeauftragter &amp; Ger\u00e4tewart)<\/p>\n                  <\/div>\n                <\/div>\n              <\/div>\n            <\/div>\n          <\/div>\n          <div class=\"h-column h-column-container d-flex h-col-lg-auto h-col-md-auto h-col-auto style-341-outer style-local-213-c33-outer\">\n            <div data-colibri-id=\"213-c33\" class=\"d-flex h-flex-basis h-column__inner h-px-lg-2 h-px-md-2 h-px-2 v-inner-lg-2 v-inner-md-2 v-inner-2 style-341 style-local-213-c33 position-relative\">\n              <!---->\n              <!---->\n              <div class=\"w-100 h-y-container h-column__content h-column__v-align flex-basis-100 align-self-lg-start align-self-md-start align-self-start\">\n                <!---->\n                <div data-colibri-id=\"213-c34\" class=\"d-block style-347 style-local-213-c34 position-relative h-element\">\n                  <!---->\n                  <div class=\"h-image__frame-container-outer\">\n                    <div class=\"h-image__frame-container\">\n                      <!---->\n                      <!---->\n                      <img loading=\"lazy\" decoding=\"async\" width=\"890\" height=\"891\" src=\"http:\/\/feuerwehr-possendorf.de\/wp-content\/uploads\/2026\/02\/cropped-Platzhalter.jpg\" class=\"wp-image-866 style-347-image style-local-213-c34-image\" alt=\"\" srcset=\"https:\/\/feuerwehr-possendorf.de\/wp-content\/uploads\/2026\/02\/cropped-Platzhalter.jpg 890w, https:\/\/feuerwehr-possendorf.de\/wp-content\/uploads\/2026\/02\/cropped-Platzhalter-300x300.jpg 300w, https:\/\/feuerwehr-possendorf.de\/wp-content\/uploads\/2026\/02\/cropped-Platzhalter-150x150.jpg 150w, https:\/\/feuerwehr-possendorf.de\/wp-content\/uploads\/2026\/02\/cropped-Platzhalter-768x769.jpg 768w\" sizes=\"auto, (max-width: 890px) 100vw, 890px\" \/>\n                      <div class=\"h-image__frame h-hide-lg h-hide-md h-hide-sm style-347-frameImage style-local-213-c34-frameImage\"><\/div>\n                    <\/div>\n                  <\/div>\n                <\/div>\n                <div data-colibri-id=\"213-c35\" class=\"h-text h-text-component style-348 style-local-213-c35 position-relative h-element\">\n                  <!---->\n                  <!---->\n                  <div class=\"\">\n                    <p>Aurel K\u00f6nig (Atemschutzbeauftragter)<\/p>\n                  <\/div>\n                <\/div>\n              <\/div>\n            <\/div>\n          <\/div>\n        <\/div>\n      <\/div>\n    <\/div>\n  <\/div>\n<\/div>","protected":false},"excerpt":{"rendered":"<p>Unsere Ortswehrleitung&nbsp; Erik Scholz (Ortswehrleiter) Sindy W\u00e4tzig (Stellvertretende Ortswehrleiterin) Ausschussmitglieder Thomas Esper (Ausschussmitglied) Erik Forberg (Stellvertretendes Ausschussmitglied) Ger\u00e4tewart und Atemschutzbeauftragter Michael Schlecht (Atemschutzbeauftragter &amp; Ger\u00e4tewart) Aurel K\u00f6nig (Atemschutzbeauftragter)<\/p>\n","protected":false},"author":1,"featured_media":0,"parent":4,"menu_order":1,"comment_status":"closed","ping_status":"closed","template":"page-templates\/full-width-page.php","meta":{"footnotes":""},"class_list":["post-213","page","type-page","status-publish","hentry"],"_links":{"self":[{"href":"https:\/\/feuerwehr-possendorf.de\/index.php?rest_route=\/wp\/v2\/pages\/213","targetHints":{"allow":["GET"]}}],"collection":[{"href":"https:\/\/feuerwehr-possendorf.de\/index.php?rest_route=\/wp\/v2\/pages"}],"about":[{"href":"https:\/\/feuerwehr-possendorf.de\/index.php?rest_route=\/wp\/v2\/types\/page"}],"author":[{"embeddable":true,"href":"https:\/\/feuerwehr-possendorf.de\/index.php?rest_route=\/wp\/v2\/users\/1"}],"replies":[{"embeddable":true,"href":"https:\/\/feuerwehr-possendorf.de\/index.php?rest_route=%2Fwp%2Fv2%2Fcomments&post=213"}],"version-history":[{"count":20,"href":"https:\/\/feuerwehr-possendorf.de\/index.php?rest_route=\/wp\/v2\/pages\/213\/revisions"}],"predecessor-version":[{"id":923,"href":"https:\/\/feuerwehr-possendorf.de\/index.php?rest_route=\/wp\/v2\/pages\/213\/revisions\/923"}],"up":[{"embeddable":true,"href":"https:\/\/feuerwehr-possendorf.de\/index.php?rest_route=\/wp\/v2\/pages\/4"}],"wp:attachment":[{"href":"https:\/\/feuerwehr-possendorf.de\/index.php?rest_route=%2Fwp%2Fv2%2Fmedia&parent=213"}],"curies":[{"name":"wp","href":"https:\/\/api.w.org\/{rel}","templated":true}]}}