{"id":696,"date":"2025-10-08T17:50:47","date_gmt":"2025-10-08T17:50:47","guid":{"rendered":"https:\/\/feuerwehr-possendorf.de\/?page_id=696"},"modified":"2026-02-20T20:21:41","modified_gmt":"2026-02-20T20:21:41","slug":"150-jahre-freiwillige-feuerwehr-possendorf","status":"publish","type":"page","link":"http:\/\/feuerwehr-possendorf.de\/?page_id=696","title":{"rendered":"150 Jahre Freiwillige Feuerwehr Possendorf"},"content":{"rendered":"<div data-colibri-id=\"696-c1\" class=\"style-201 style-local-696-c1 position-relative\">\n  <!---->\n  <div data-colibri-component=\"section\" data-colibri-id=\"696-c2\" id=\"initial-content\" class=\"h-section h-section-global-spacing d-flex align-items-lg-center align-items-md-center align-items-center style-202 style-local-696-c2 position-relative\">\n    <!---->\n    <!---->\n    <div class=\"h-section-grid-container h-section-boxed-container\">\n      <!---->\n      <div data-colibri-id=\"696-c3\" class=\"h-row-container gutters-row-lg-2 gutters-row-md-2 gutters-row-0 gutters-row-v-lg-2 gutters-row-v-md-2 gutters-row-v-2 style-203 style-local-696-c3 position-relative\">\n        <!---->\n        <div class=\"h-row justify-content-lg-center justify-content-md-center justify-content-center align-items-lg-stretch align-items-md-stretch align-items-stretch gutters-col-lg-2 gutters-col-md-2 gutters-col-0 gutters-col-v-lg-2 gutters-col-v-md-2 gutters-col-v-2\">\n          <!---->\n          <div class=\"h-column h-column-container d-flex h-col-lg-auto h-col-md-auto h-col-auto style-204-outer style-local-696-c4-outer\">\n            <div data-colibri-id=\"696-c4\" class=\"d-flex h-flex-basis h-column__inner h-px-lg-2 h-px-md-2 h-px-2 v-inner-lg-2 v-inner-md-2 v-inner-2 style-204 style-local-696-c4 position-relative\">\n              <!---->\n              <!---->\n              <div class=\"w-100 h-y-container h-column__content h-column__v-align flex-basis-100 align-self-lg-start align-self-md-start align-self-start\">\n                <!---->\n                <div data-colibri-id=\"696-c5\" class=\"style-205 style-local-696-c5 position-relative h-element\">\n                  <!---->\n                  <div>\n                    \n                    <p>\n                      <mark style=\"background-color:rgba(0, 0, 0, 0)\" class=\"has-inline-color has-colibri-color-5-color\">.<\/mark>\n                    <\/p>\n                    \n\n                    <div class=\"wp-block-image\">\n                    <figure class=\"alignleft size-large\">\n                      <img loading=\"lazy\" decoding=\"async\" width=\"1024\" height=\"658\" src=\"http:\/\/feuerwehr-possendorf.de\/wp-content\/uploads\/2026\/01\/cropped-image-1-1-1024x658.png\" alt=\"\" class=\"wp-image-777\" srcset=\"http:\/\/feuerwehr-possendorf.de\/wp-content\/uploads\/2026\/01\/cropped-image-1-1-1024x658.png 1024w, http:\/\/feuerwehr-possendorf.de\/wp-content\/uploads\/2026\/01\/cropped-image-1-1-300x193.png 300w, http:\/\/feuerwehr-possendorf.de\/wp-content\/uploads\/2026\/01\/cropped-image-1-1-768x493.png 768w, http:\/\/feuerwehr-possendorf.de\/wp-content\/uploads\/2026\/01\/cropped-image-1-1-1536x986.png 1536w, http:\/\/feuerwehr-possendorf.de\/wp-content\/uploads\/2026\/01\/cropped-image-1-1.png 2046w\" sizes=\"auto, (max-width: 1024px) 100vw, 1024px\" \/>\n                    <\/figure>\n                    <\/div>\n\n                    \n                    <h2 class=\"wp-block-heading\">Das Programm<\/h2>\n                    \n\n                    \n                    <h3 class=\"wp-block-heading\">Freitag 21. August<\/h3>\n                    \n\n                    \n                    <ul class=\"wp-block-list\">\n                      \n                      <li>Andacht mit Fahnenweihe in der Kirche (\u00f6ffentlich)<\/li>\n                      \n\n                      \n                      <li>Fahnenmarsch im Fackelschein von der Kirche zum Ger\u00e4tehaus (eingeladen sind dazu alle Feuerwehren unseres Landkreises mit einer Feuerwehrfahne)<\/li>\n                      \n                    <\/ul>\n                    \n\n                    \n                    <h3 class=\"wp-block-heading\">Samstag 22. August<\/h3>\n                    \n\n                    \n                    <ul class=\"wp-block-list\">\n                      \n                      <li>Weihe eines Gedenksteins f\u00fcr die gefallenen Kameraden beider Weltkriege am Ger\u00e4tehaus<\/li>\n                      \n\n                      \n                      <li>Fr\u00fchschoppen mit den Poisentaler Blasmusikanten im Festzelt am Ger\u00e4tehaus<\/li>\n                      \n\n                      \n                      <li>Umfangreiche Ausstellung in und am Ger\u00e4tehaus<\/li>\n                      \n\n                      \n                      <li>Schau\u00fcbung der aktiven Abteilung, der Jugendfeuerwehr und historische L\u00f6sch\u00fcbung<\/li>\n                      \n\n                      \n                      <li>Herausgabe einer Festschrift<\/li>\n                      \n\n                      \n                      <li>Abendveranstaltung mit Onkel Sven<\/li>\n                      \n\n                      \n                      <li>Evtl. Rundfahrten mit der Possendorfer Heddl<\/li>\n                      \n\n                      \n                      <li>Wir erwarten Gastwehren aus dem Schwarzwald, Tschechien und evtl. Lettland.<\/li>\n                      \n                    <\/ul>\n                    \n                  <\/div>\n                <\/div>\n              <\/div>\n            <\/div>\n          <\/div>\n        <\/div>\n      <\/div>\n    <\/div>\n  <\/div>\n<\/div>","protected":false},"excerpt":{"rendered":"<p>. Das Programm Freitag 21. August Samstag 22. August<\/p>\n","protected":false},"author":1,"featured_media":0,"parent":0,"menu_order":0,"comment_status":"closed","ping_status":"closed","template":"page-templates\/full-width-page.php","meta":{"footnotes":""},"class_list":["post-696","page","type-page","status-publish","hentry"],"_links":{"self":[{"href":"http:\/\/feuerwehr-possendorf.de\/index.php?rest_route=\/wp\/v2\/pages\/696","targetHints":{"allow":["GET"]}}],"collection":[{"href":"http:\/\/feuerwehr-possendorf.de\/index.php?rest_route=\/wp\/v2\/pages"}],"about":[{"href":"http:\/\/feuerwehr-possendorf.de\/index.php?rest_route=\/wp\/v2\/types\/page"}],"author":[{"embeddable":true,"href":"http:\/\/feuerwehr-possendorf.de\/index.php?rest_route=\/wp\/v2\/users\/1"}],"replies":[{"embeddable":true,"href":"http:\/\/feuerwehr-possendorf.de\/index.php?rest_route=%2Fwp%2Fv2%2Fcomments&post=696"}],"version-history":[{"count":13,"href":"http:\/\/feuerwehr-possendorf.de\/index.php?rest_route=\/wp\/v2\/pages\/696\/revisions"}],"predecessor-version":[{"id":815,"href":"http:\/\/feuerwehr-possendorf.de\/index.php?rest_route=\/wp\/v2\/pages\/696\/revisions\/815"}],"wp:attachment":[{"href":"http:\/\/feuerwehr-possendorf.de\/index.php?rest_route=%2Fwp%2Fv2%2Fmedia&parent=696"}],"curies":[{"name":"wp","href":"https:\/\/api.w.org\/{rel}","templated":true}]}}

<div data-colibri-id="696-c1" class="style-201 style-local-696-c1 position-relative">
  <!---->
  <div data-colibri-component="section" data-colibri-id="696-c2" id="initial-content" class="h-section h-section-global-spacing d-flex align-items-lg-center align-items-md-center align-items-center style-202 style-local-696-c2 position-relative">
    <!---->
    <!---->
    <div class="h-section-grid-container h-section-boxed-container">
      <!---->
      <div data-colibri-id="696-c3" class="h-row-container gutters-row-lg-2 gutters-row-md-2 gutters-row-0 gutters-row-v-lg-2 gutters-row-v-md-2 gutters-row-v-2 style-203 style-local-696-c3 position-relative">
        <!---->
        <div class="h-row justify-content-lg-center justify-content-md-center justify-content-center align-items-lg-stretch align-items-md-stretch align-items-stretch gutters-col-lg-2 gutters-col-md-2 gutters-col-0 gutters-col-v-lg-2 gutters-col-v-md-2 gutters-col-v-2">
          <!---->
          <div class="h-column h-column-container d-flex h-col-lg-auto h-col-md-auto h-col-auto style-204-outer style-local-696-c4-outer">
            <div data-colibri-id="696-c4" class="d-flex h-flex-basis h-column__inner h-px-lg-2 h-px-md-2 h-px-2 v-inner-lg-2 v-inner-md-2 v-inner-2 style-204 style-local-696-c4 position-relative">
              <!---->
              <!---->
              <div class="w-100 h-y-container h-column__content h-column__v-align flex-basis-100 align-self-lg-start align-self-md-start align-self-start">
                <!---->
                <div data-colibri-id="696-c5" class="style-205 style-local-696-c5 position-relative h-element">
                  <!---->
                  <div>
                    
                    <p>
                      <mark style="background-color:rgba(0, 0, 0, 0)" class="has-inline-color has-colibri-color-5-color">.</mark>
                    </p>
                    

                    <div class="wp-block-image">
                    <figure class="alignleft size-large">
                      <img loading="lazy" decoding="async" width="1024" height="658" src="http://feuerwehr-possendorf.de/wp-content/uploads/2026/01/cropped-image-1-1-1024x658.png" alt="" class="wp-image-777" srcset="http://feuerwehr-possendorf.de/wp-content/uploads/2026/01/cropped-image-1-1-1024x658.png 1024w, http://feuerwehr-possendorf.de/wp-content/uploads/2026/01/cropped-image-1-1-300x193.png 300w, http://feuerwehr-possendorf.de/wp-content/uploads/2026/01/cropped-image-1-1-768x493.png 768w, http://feuerwehr-possendorf.de/wp-content/uploads/2026/01/cropped-image-1-1-1536x986.png 1536w, http://feuerwehr-possendorf.de/wp-content/uploads/2026/01/cropped-image-1-1.png 2046w" sizes="auto, (max-width: 1024px) 100vw, 1024px" />
                    </figure>
                    </div>

                    
                    <h2 class="wp-block-heading">Das Programm</h2>
                    

                    
                    <h3 class="wp-block-heading">Freitag 21. August</h3>
                    

                    
                    <ul class="wp-block-list">
                      
                      <li>Andacht mit Fahnenweihe in der Kirche (öffentlich)</li>
                      

                      
                      <li>Fahnenmarsch im Fackelschein von der Kirche zum Gerätehaus (eingeladen sind dazu alle Feuerwehren unseres Landkreises mit einer Feuerwehrfahne)</li>
                      
                    </ul>
                    

                    
                    <h3 class="wp-block-heading">Samstag 22. August</h3>
                    

                    
                    <ul class="wp-block-list">
                      
                      <li>Weihe eines Gedenksteins für die gefallenen Kameraden beider Weltkriege am Gerätehaus</li>
                      

                      
                      <li>Frühschoppen mit den Poisentaler Blasmusikanten im Festzelt am Gerätehaus</li>
                      

                      
                      <li>Umfangreiche Ausstellung in und am Gerätehaus</li>
                      

                      
                      <li>Schauübung der aktiven Abteilung, der Jugendfeuerwehr und historische Löschübung</li>
                      

                      
                      <li>Herausgabe einer Festschrift</li>
                      

                      
                      <li>Abendveranstaltung mit Onkel Sven</li>
                      

                      
                      <li>Evtl. Rundfahrten mit der Possendorfer Heddl</li>
                      

                      
                      <li>Wir erwarten Gastwehren aus dem Schwarzwald, Tschechien und evtl. Lettland.</li>
                      
                    </ul>
                    
                  </div>
                </div>
              </div>
            </div>
          </div>
        </div>
      </div>
    </div>
  </div>
</div>
